d 85169039.
1019
Calculate the greatest common factor of 153 and 12666411.
153
Calculate the highest common divisor of 1275313 and 689.
13
What is the highest common divisor of 21860589 and 2346?
51
Calculate the highest common divisor of 764181744 and 3063.
3063
What is the greatest common divisor of 26796836 and 172920?
5764
What is the greatest common factor of 88530078 and 19656?
546
Calculate the highest common factor of 273 and 34564881.
39
Calculate the highest common divisor of 13741520 and 11680.
5840
Calculate the greatest common factor of 77635208 and 84103.
2713
What is the highest common factor of 41639 and 46645289?
3203
What is the greatest common factor of 1042874 and 107254?
2282
What is the highest common factor of 31141 and 81814?
19
What is the greatest common factor of 829866 and 7986?
6
Calculate the highest common factor of 428822424 and 1074.
1074
What is the greatest common factor of 1604 and 37873247?
401
Calculate the highest common factor of 41640 and 310218.
2082
What is the greatest common factor of 8 and 258058616?
8
What is the greatest common factor of 16879191 and 22545?
501
What is the highest common factor of 899 and 13042605?
29
What is the highest common factor of 35846533 and 1279?
1279
What is the highest common factor of 19530858 and 10370?
2074
Calculate the greatest common divisor of 19317 and 10138.
137
What is the highest common factor of 4058 and 47267584?
4058
What is the greatest common factor of 28705337 and 19165?
3833
What is the greatest common divisor of 91008 and 11008?
128
Calculate the greatest common divisor of 72270 and 205641.
657
What is the greatest common factor of 39 and 332027787?
39
Calculate the highest common factor of 813194 and 7872.
82
What is the greatest common factor of 1967 and 439061?
7
Calculate the highest common factor of 12308 and 200056.
68
Calculate the highest common divisor of 1980149 and 2349.
29
Calculate the highest common factor of 551501622 and 90.
18
What is the greatest common divisor of 153 and 6943089?
51
What is the highest common factor of 1394 and 829651646?
1394
Calculate the greatest common factor of 264047 and 197449.
469
What is the greatest common divisor of 11767105 and 98?
49
Calculate the greatest common divisor of 5473579 and 1730734.
5309
What is the highest common divisor of 5598712 and 2380?
476
Calculate the highest common factor of 26853215 and 47.
47
What is the greatest common divisor of 340 and 1520930?
10
Calculate the highest common divisor of 2936565 and 3.
3
Calculate the greatest common factor of 788898942 and 299.
299
What is the greatest common factor of 1244 and 14384683?
311
Calculate the highest common divisor of 1166 and 447018.
22
Calculate the greatest common factor of 45600 and 3006750.
2850
Calculate the greatest common divisor of 813870 and 49260.
30
What is the greatest common divisor of 59503 and 19154?
157
What is the highest common divisor of 17716569 and 114?
57
Calculate the highest common factor of 12908321 and 17.
17
Calculate the greatest common divisor of 5080 and 1898756680.
5080
What is the greatest common factor of 153623073 and 93?
93
Calculate the greatest common divisor of 240 and 51972360.
120
Calculate the greatest common factor of 1 and 20428946.
1
What is the highest common divisor of 907236650 and 50?
50
Calculate the greatest common divisor of 87 and 41450637.
3
What is the greatest common factor of 392278 and 4?
2
What is the greatest common divisor of 16496 and 150608?
16
Calculate the greatest common factor of 263755632 and 7056.
2352
Calculate the highest common divisor of 43156296 and 34200.
1368
What is the greatest common divisor of 113167263 and 5214?
2607
Calculate the greatest common factor of 78 and 114498.
6
Calculate the greatest common factor of 1492047 and 1786383.
657
What is the highest common divisor of 3860791 and 253?
11
Calculate the greatest common divisor of 9611 and 3857.
7
Calculate the greatest common factor of 330686775 and 5169.
5169
What is the greatest common factor of 120717 and 3081834?
7101
Calculate the greatest common divisor of 23238080 and 40.
40
Calculate the highest common divisor of 73518456 and 528.
264
Calculate the greatest common divisor of 605228 and 2486.
226
Calculate the highest common factor of 25 and 437935475.
25
What is the highest common factor of 428 and 512118692?
428
What is the highest common factor of 32412646 and 28?
14
Calculate the highest common divisor of 134508 and 2838.
66
What is the greatest common factor of 13214035 and 56295?
695
Calculate the greatest common divisor of 12436792 and 10336.
2584
Calculate the highest common factor of 73922954 and 83.
83
Calculate the greatest common factor of 64259 and 572.
13
Calculate the highest common divisor of 830545217 and 17.
17
Calculate the greatest common factor of 3907244 and 2684.
44
Calculate the highest common factor of 858899005 and 797.
797
Calculate the highest common factor of 604564337 and 26.
13
What is the highest common divisor of 110 and 2748945?
5
Calculate the greatest common factor of 5508 and 157471.
17
Calculate the highest common divisor of 4748 and 8729198.
2374
Calculate the highest common divisor of 11737649 and 231.
77
What is the greatest common divisor of 18792 and 40397232?
696
What is the greatest common divisor of 4992 and 102470238?
78
What is the highest common factor of 2804 and 238044178?
1402
What is the greatest common factor of 1995 and 25948300?
665
Calculate the greatest common factor of 1803627 and 2268.
567
What is the greatest common factor of 80552670 and 44022?
1518
What is the greatest common divisor of 312 and 14714232?
312
What is the highest common factor of 937607690 and 860?
430
Calculate the greatest common divisor of 6410 and 2022681910.
6410
Calculate the greatest common divisor of 1992994344 and 759.
759
What is the greatest common factor of 414 and 7061322?
138
What is the highest common factor of 20697635 and 138420?
3845
What is the greatest common factor of 12477759 and 27?
3
Calculate the greatest common factor of 36848 and 17202000.
752
What is the highest common divisor of 5512275388 and 212?
212
Calculate the highest common factor of 125456834 and 1622.
1622
Calculate the highest common divisor of 30483076 and 104.
52
What is the highest common factor of 71271900 and 11900?
700
Calculate the greatest common divisor of 2246024 and 88.
88
What is the greatest common factor of 311680 and 76040?
40
Calculate the greatest common factor of 444180 and 42330.
30
What is the greatest common divisor of 854 and 214983398?
854
Calculate the highest common divisor of 3 and 5478223.
1
What is the highest common divisor of 1257074 and 98?
14
What is the highest common factor of 9 and 194865480?
9
Calculate the greatest common factor of 765265813 and 767.
767
Calculate the highest common divisor of 222472444 and 38215.
7643
What is the highest common factor of 92 and 194615236?
92
Calculate the highest common factor of 1584350305 and 590.
295
What is the greatest common factor of 2472 and 1301930712?
2472
Calculate the greatest common factor of 88437 and 34563.
123
Calculate the greatest common divisor of 794 and 602658307.
397
What is the highest common divisor of 9484 and 5408251?
2371
What is the highest common divisor of 716616430 and 8010?
890
Calculate the highest common factor of 615236 and 1628.
148
Calculate the greatest common factor of 2076 and 57059898.
1038
What is the greatest common factor of 6777256 and 352?
8
What is the highest common factor of 125275 and 1700?
25
What is the greatest common divisor of 74143116 and 14652?
1332
What is the greatest common factor of 35813256 and 2628?
12
What is the highest common divisor of 462 and 1861293?
21
What is the greatest common factor of 2586625 and 14750?
125
Calculate the greatest common divisor of 8098417 and 11.
1
What is the greatest common divisor of 11194668 and 22797?
1341
Calculate the greatest common divisor of 344 and 258516000.
344
Calculate the highest common factor of 1565543297 and 37.
37
What is the highest common divisor of 1203068 and 248538?
3602
Calculate the greatest common divisor of 533372292 and 5046.
5046
What is the highest common factor of 2472512 and